= 24 + -21. Let h be f(x). What is the units digit of d(h)?
1
Let h = 23 + -33. Let o be (h/8)/((-6)/336). Suppose -3*b + o = 2*l + 3*l, 3*b - 40 = l. What is the tens digit of b?
1
Let n = 7 + 6. Suppose n*m = 14*m - 3. What is the units digit of m?
3
Let v = 1946 - -104. What is the hundreds digit of v?
0
Suppose o - 77 = 61*r - 62*r, -r + 3*o + 65 = 0. What is the tens digit of r?
7
Let p = -155 - -305. Suppose -5*z = z - p. What is the units digit of z?
5
Let p be 6*(639/6)/((-6)/(-2)). Suppose -5*o - p = -f, -2*f = 2*o - 3*o - 381. What is the tens digit of f?
8
Let r be -3*(-21)/35 + (-3)/(-15). Suppose -2*n + 6*n - 16 = 0. Suppose 6*z = 2*u + z - n, -r = -z. What is the units digit of u?
7
Suppose -4*x - 5*i + 2356 = -6*i, 0 = x + 4*i - 589. What is the units digit of x?
9
Let r be 1/((-2)/(-6)) + 44 + -307. Let a = -36 - r. What is the hundreds digit of a?
2
Suppose 808 = -5*l - 4*a, 2*a + 3*a = -l - 149. Let q = l - -403. What is the tens digit of q?
3
Suppose -d + 7 = 3*h, -2*h - 7*d - 17 = -2*d. Suppose h*r - 53 = 279. What is the units digit of r?
3
Let b be 33/7 + (-10)/(-35). Let h(l) = 2*l - 8*l - b*l**2 - 3 - l - l**3. What is the units digit of h(-5)?
2
Let i = -2522 + 4063. What is the units digit of i?
1
Let i = 8 - 17. Let j(z) = z**3 + 9*z**2 + z + 11. Let g be j(i). Suppose 3*p = -p + 3*a + 198, 4*p - g*a = 196. What is the tens digit of p?
4
What is the units digit of 41200/(-30)*12/(-10)?
8
Let h = 1 - -3. Suppose -h*d = -65 - 75. What is the tens digit of d?
3
Let z = 65 + -62. Let s = z + 24. What is the tens digit of s?
2
Let a be -2*(-5 - (-12)/3). Suppose -a*v - y + 39 = 0, 4*v + 2*y - 69 = -3*y. What is the units digit of v?
1
Suppose -5*s + 440 = 5*s. Suppose 49*t - s*t - 675 = 0. What is the hundreds digit of t?
1
Let u = -99 + 110. Suppose 0 = u*a - a - 1830. What is the tens digit of a?
8
Suppose -6*f + 50 = -5*z - 9*f, 3*f = 0. What is the tens digit of (-3)/5 + (-1676)/z?
6
Suppose 28 = -v + 3*h, -2*v - 4*h - 58 = v. Let n = -38 - v. Let l(y) = y + 55. What is the tens digit of l(n)?
3
Suppose 22 - 158 = -4*p. Suppose -p*v = -38*v. Suppose 3*r - 2*t - t - 189 = v, -r + 3*t + 59 = 0. What is the units digit of r?
5
Let o = 46 - 44. Let f(x) = 5*x + 9. What is the tens digit of f(o)?
1
Let h be 30/20*(-34)/(-3). Let y(z) = 4*z - 3. What is the units digit of y(h)?
5
Let u be (-38 + 4)/(2/(-1)). Suppose -58 = -u*k + 16*k. What is the units digit of k?
8
Suppose 3*k - k = 30. Suppose c + k = 4*c. Suppose 0 = -c*q - 69 + 264. What is the tens digit of q?
3
Let i(g) = -g**2 - 11*g + 2. Let v be i(-11). Suppose r - v*r + 27 = 0. What is the units digit of (9/r)/(1/27)?
9
Let k(f) be the first derivative of -2*f**2 + 3*f**3 - 6 - 1/4*f**4 - 4*f. What is the units digit of k(8)?
8
Suppose 2*p = p + 5*i + 339, 0 = p - i - 355. What is the hundreds digit of p?
3
Let a be 0 + 6/21 - 20/(-28). What is the tens digit of a/7 - (2 + (-328)/7)?
4
Let r be 1/((-2)/(-4)) + -12. Let c be 6*3/(-8)*-4. Let y = c - r. What is the tens digit of y?
1
Suppose -15*v + 71*v = 1736. What is the units digit of v?
1
Suppose -20*b = -39*b + 16834. What is the tens digit of b?
8
Suppose -5 = -0*n - n. Let l = n + -7. What is the units digit of (-5)/l*(-40)/(-50)?
2
Let y = 330 + -289. What is the tens digit of y?
4
Let y(q) be the third derivative of -39*q**6/20 - q**5/60 + q**4/12 + q**3/3 - 33*q**2. What is the units digit of y(-1)?
3
Let o(s) = -4*s**3 - 10*s**2 + 7*s + 13. Let w(q) = 2*q**3 + 5*q**2 - 3*q - 7. Let x(z) = 4*o(z) + 7*w(z). What is the units digit of x(-5)?
3
Let w(b) = b - 11. Let p be w(6). What is the units digit of (p/(-2) + -2)/((-2)/(-124))?
1
Let v = 370 + -105. What is the tens digit of v?
6
Let z(a) = -2*a**3 - 5*a**2 + 4*a + 4. Let r be z(-4). Suppose b + 0*b = 3*u + 7, 2*b - r = -5*u. What is the tens digit of b?
1
Suppose 0 = 5*k + 15, -5*o + 4*k - 5 = 3. What is the tens digit of 4/16 - 803/o?
0
Let r(b) = -389*b + 421*b - 16 - 26. What is the tens digit of r(6)?
5
Suppose 0 = 5*b - 9*b - 312. What is the tens digit of -4 - (-15)/3 - b?
7
What is the units digit of 45 + 45 - (-1 + -3)?
4
Suppose 4*i + 90 = 5*s, -7*i = -2*i - 25. Let x be (-3)/((30/s)/(-5)). Suppose -4*t + x + 1 = 0. What is the units digit of t?
3
Let v = 1037 + 1785. What is the hundreds digit of v?
8
Suppose 366 = -9*a + 4542. What is the tens digit of a?
6
Let x(b) = -12*b - 30. Let v be x(-13). Suppose -5*p + 11*p - v = 0. What is the tens digit of p?
2
Let r(y) = 2*y**3 - 68*y**2 + 10*y - 22. What is the hundreds digit of r(35)?
7
Let a(k) = -k**2 - 4*k - 3. Suppose 3*z + 5*p = p - 9, -3*z - 9 = -3*p. Let w be a(z). What is the units digit of -2 - (w + -29 + 3)?
4
Suppose -3*x + 360 = -3*n + 4*n, 0 = -2*n - 5*x + 719. What is the hundreds digit of n?
3
Let t(n) = -15*n - 9. Let s be (8 - 9)/((-1)/(-3)). What is the units digit of t(s)?
6
Suppose 4*u = -4*j + 4, -5*u + 2*j + j + 45 = 0. Suppose -u*v = -v. Suppose v = -f + w + 2, -3*f = -w - 4*w - 4. What is the units digit of f?
3
Let r = 1013 + -313. What is the hundreds digit of r?
7
Let h be ((-22)/(-77))/((-1)/(-7)). Suppose -h*c - 249 = -5*g, 5*g - c = 79 + 173. What is the units digit of g?
1
Let k(s) = -s**3 + 3*s**2 + 22*s - 1. What is the tens digit of k(-10)?
7
Let a(g) = -g**3 - 7*g**2 + g + 5. Let l be a(-7). What is the hundreds digit of (362/3 + l)*27/18?
1
Let s(v) = 19*v + 40. Let p be s(5). Suppose -w + 22 = -p. What is the hundreds digit of w?
1
Let l(d) = -61*d + 120*d - 75*d - 23. What is the units digit of l(-13)?
5
What is the hundreds digit of (8 + -3)/(25/10) - -126?
1
Let h(v) = 10*v + 52. Let d be h(-8). Let x = d - -86. What is the units digit of x?
8
Suppose -i + 507 = i - p, -5*p = -2*i + 495. What is the hundreds digit of i?
2
Suppose 33192 + 8509 = 17*a. What is the thousands digit of a?
2
Suppose -12 = -4*s - 4. Let w = 3 + s. Let x = 9 - w. What is the units digit of x?
4
Suppose -3*x + 696 = -3*b, 0*x - 5*b = -2*x + 458. What is the hundreds digit of x?
2
Suppose 0 = -0*z - z. Suppose z = -4*t + 349 - 109. What is the tens digit of t?
6
Let d = 293 - 69. Let q = d - 123. What is the hundreds digit of q?
1
Let u(j) = -j**2 + 11*j - 18. Let p be u(9). Suppose p = -3*i + 14 + 112. What is the tens digit of i?
4
What is the hundreds digit of (-19868)/(-46) + (-416)/(-4784)?
4
Let k(m) = 4*m**3 + 4*m**2 + 10*m - 176. Let j(y) = -y**3 - y**2 - 3*y + 59. Let c(q) = 7*j(q) + 2*k(q). What is the tens digit of c(0)?
6
Let j(s) = -3*s**2 - s + 1. Let d be j(1). Let c = 4 - d. Suppose 2*u = -c + 59. What is the units digit of u?
6
Let m = 1232 + -700. What is the hundreds digit of m?
5
Let v be (6/5)/(2/(-50)). Suppose -j - 3*j + 204 = 0. Let a = v + j. What is the units digit of a?
1
Suppose -33*f + 3*m = -37*f + 2309, -2*f = 4*m - 1162. What is the tens digit of f?
7
Let q = 9 - 13. Let x be q/10 + (-26)/(-65). Suppose x*z = 3*z - 66. What is the units digit of z?
2
Let k(l) = -29 + 29 + 58 - l. Let f be k(0). Suppose 0 = 2*y + t - 30, -3*y - 2*t + 7*t = -f. What is the units digit of y?
6
Suppose -83 = 5*a - 4*n, -3*a = -2*n + 35 + 14. What is the units digit of 8*(a/(-3) + 1)?
8
Suppose 3*j - 5*j - 6 = 0. Let a(u) = -9*u**2 + 3. Let p be a(j). Let v = -48 - p. What is the units digit of v?
0
Let z(t) = 82*t. Let x be z(-4). Let w = x + 464. Suppose -139 - w = -5*n. What is the units digit of n?
5
Suppose 59 = -8*y + 355. What is the units digit of y?
7
Suppose -4*h = 2*f + 632, 9*h - 14*h - 2*f = 792. Suppose 2*n - 6 = 0, -4*m = n + 646 - 201. Let t = m - h. What is the tens digit of t?
4
Let x(w) = 3 - 8*w + w**2 + 11*w + 7*w. Let p be x(-10). Suppose 3*i - 5*a = 7*i - 87, -p*i + a = -89. What is the units digit of i?
8
Suppose 3*u + 0*u = 12. Let f = 10 - u. Suppose 0 = -5*g + 34 + f. What is the units digit of g?
8
Let p(c) = -2*c - 12. Let m = 96 - 46. Suppose -4*q - 55 = -2*x + x, -x - m = 3*q. What is the tens digit of p(q)?
1
Suppose 3*o - 24 = o. Let v = 20 - o. Suppose x - y = 7, -x + v = x + y. What is the units digit of x?
5
Let y be (-18)/(-30) - ((-112)/20)/4. Suppose 2*v = -6, -3*k + y*v + 354 = -90. What is the hundreds digit of k?
1
Let o = 51 + 5. Let x = 53 + -48. Suppose 0 = -3*t + x*d + o, 3*t + 4*d - 20 = -0*t. What is the units digit of 